{"id":1980,"date":"2017-01-23T20:50:00","date_gmt":"2017-01-23T19:50:00","guid":{"rendered":"http:\/\/www.nmsneukirchen.at\/wordpress\/?page_id=1980"},"modified":"2017-01-23T21:00:45","modified_gmt":"2017-01-23T20:00:45","slug":"zum-lernen","status":"publish","type":"page","link":"https:\/\/www.nmsneukirchen.at\/wordpress\/elearning\/zum-lernen\/","title":{"rendered":"&#8230; zum Lernen"},"content":{"rendered":"<p>Wir gestalten Weblogs und Webseiten zum interaktiven Lernen!<\/p>\n<h4>Mathematik &#8211; Weblog<\/h4>\n<p><a href=\"https:\/\/mathe4you.wordpress.com\" target=\"_blank\"><img loading=\"lazy\" decoding=\"async\" class=\"aligncenter wp-image-1982 size-full\" src=\"https:\/\/www.nmsneukirchen.at\/wordpress\/wp-content\/uploads\/2017\/01\/mathe4you.jpeg\" width=\"894\" height=\"158\" srcset=\"https:\/\/www.nmsneukirchen.at\/wordpress\/wp-content\/uploads\/2017\/01\/mathe4you.jpeg 894w, https:\/\/www.nmsneukirchen.at\/wordpress\/wp-content\/uploads\/2017\/01\/mathe4you-300x53.jpeg 300w, https:\/\/www.nmsneukirchen.at\/wordpress\/wp-content\/uploads\/2017\/01\/mathe4you-768x136.jpeg 768w, https:\/\/www.nmsneukirchen.at\/wordpress\/wp-content\/uploads\/2017\/01\/mathe4you-100x18.jpeg 100w, https:\/\/www.nmsneukirchen.at\/wordpress\/wp-content\/uploads\/2017\/01\/mathe4you-150x27.jpeg 150w, https:\/\/www.nmsneukirchen.at\/wordpress\/wp-content\/uploads\/2017\/01\/mathe4you-200x35.jpeg 200w, https:\/\/www.nmsneukirchen.at\/wordpress\/wp-content\/uploads\/2017\/01\/mathe4you-450x80.jpeg 450w, https:\/\/www.nmsneukirchen.at\/wordpress\/wp-content\/uploads\/2017\/01\/mathe4you-600x106.jpeg 600w\" sizes=\"auto, (max-width: 894px) 100vw, 894px\" \/><\/a><\/p>\n<h4>LearningApps&nbsp;<\/h4>\n<p>&#8230; von, f\u00fcr und mit unseren Sch\u00fclerinnen und Sch\u00fclern erstellt<\/p>\n<p><a href=\"https:\/\/learnapps.jimdo.com\" target=\"_blank\"><img loading=\"lazy\" decoding=\"async\" class=\"alignleft wp-image-1981 size-full\" src=\"https:\/\/www.nmsneukirchen.at\/wordpress\/wp-content\/uploads\/2017\/01\/Ohne-Titel.jpeg\" width=\"989\" height=\"412\" srcset=\"https:\/\/www.nmsneukirchen.at\/wordpress\/wp-content\/uploads\/2017\/01\/Ohne-Titel.jpeg 989w, https:\/\/www.nmsneukirchen.at\/wordpress\/wp-content\/uploads\/2017\/01\/Ohne-Titel-300x125.jpeg 300w, https:\/\/www.nmsneukirchen.at\/wordpress\/wp-content\/uploads\/2017\/01\/Ohne-Titel-768x320.jpeg 768w, https:\/\/www.nmsneukirchen.at\/wordpress\/wp-content\/uploads\/2017\/01\/Ohne-Titel-100x42.jpeg 100w, https:\/\/www.nmsneukirchen.at\/wordpress\/wp-content\/uploads\/2017\/01\/Ohne-Titel-150x62.jpeg 150w, https:\/\/www.nmsneukirchen.at\/wordpress\/wp-content\/uploads\/2017\/01\/Ohne-Titel-200x83.jpeg 200w, https:\/\/www.nmsneukirchen.at\/wordpress\/wp-content\/uploads\/2017\/01\/Ohne-Titel-450x187.jpeg 450w, https:\/\/www.nmsneukirchen.at\/wordpress\/wp-content\/uploads\/2017\/01\/Ohne-Titel-600x250.jpeg 600w, https:\/\/www.nmsneukirchen.at\/wordpress\/wp-content\/uploads\/2017\/01\/Ohne-Titel-900x375.jpeg 900w\" sizes=\"auto, (max-width: 989px) 100vw, 989px\" \/><\/a><\/p>\n<div class=\"pvc_clear\"><\/div>\n<p id=\"pvc_stats_1980\" class=\"pvc_stats all  \" data-element-id=\"1980\" style=\"\"><i class=\"pvc-stats-icon medium\" aria-hidden=\"true\"><svg aria-hidden=\"true\" focusable=\"false\" data-prefix=\"far\" data-icon=\"chart-bar\" role=\"img\" xmlns=\"http:\/\/www.w3.org\/2000\/svg\" viewBox=\"0 0 512 512\" class=\"svg-inline--fa fa-chart-bar fa-w-16 fa-2x\"><path fill=\"currentColor\" d=\"M396.8 352h22.4c6.4 0 12.8-6.4 12.8-12.8V108.8c0-6.4-6.4-12.8-12.8-12.8h-22.4c-6.4 0-12.8 6.4-12.8 12.8v230.4c0 6.4 6.4 12.8 12.8 12.8zm-192 0h22.4c6.4 0 12.8-6.4 12.8-12.8V140.8c0-6.4-6.4-12.8-12.8-12.8h-22.4c-6.4 0-12.8 6.4-12.8 12.8v198.4c0 6.4 6.4 12.8 12.8 12.8zm96 0h22.4c6.4 0 12.8-6.4 12.8-12.8V204.8c0-6.4-6.4-12.8-12.8-12.8h-22.4c-6.4 0-12.8 6.4-12.8 12.8v134.4c0 6.4 6.4 12.8 12.8 12.8zM496 400H48V80c0-8.84-7.16-16-16-16H16C7.16 64 0 71.16 0 80v336c0 17.67 14.33 32 32 32h464c8.84 0 16-7.16 16-16v-16c0-8.84-7.16-16-16-16zm-387.2-48h22.4c6.4 0 12.8-6.4 12.8-12.8v-70.4c0-6.4-6.4-12.8-12.8-12.8h-22.4c-6.4 0-12.8 6.4-12.8 12.8v70.4c0 6.4 6.4 12.8 12.8 12.8z\" class=\"\"><\/path><\/svg><\/i> <img loading=\"lazy\" decoding=\"async\" width=\"16\" height=\"16\" alt=\"Loading\" src=\"https:\/\/www.nmsneukirchen.at\/wordpress\/wp-content\/plugins\/page-views-count\/ajax-loader-2x.gif\" border=0 \/><\/p>\n<div class=\"pvc_clear\"><\/div>\n","protected":false},"excerpt":{"rendered":"<p>Wir gestalten Weblogs und Webseiten zum interaktiven Lernen! Mathematik &#8211; Weblog LearningApps&nbsp; &#8230; von, f\u00fcr und mit unseren Sch\u00fclerinnen und Sch\u00fclern erstellt<\/p>\n<div class=\"pvc_clear\"><\/div>\n<p id=\"pvc_stats_1980\" class=\"pvc_stats all  \" data-element-id=\"1980\" style=\"\"><i class=\"pvc-stats-icon medium\" aria-hidden=\"true\"><svg aria-hidden=\"true\" focusable=\"false\" data-prefix=\"far\" data-icon=\"chart-bar\" role=\"img\" xmlns=\"http:\/\/www.w3.org\/2000\/svg\" viewBox=\"0 0 512 512\" class=\"svg-inline--fa fa-chart-bar fa-w-16 fa-2x\"><path fill=\"currentColor\" d=\"M396.8 352h22.4c6.4 0 12.8-6.4 12.8-12.8V108.8c0-6.4-6.4-12.8-12.8-12.8h-22.4c-6.4 0-12.8 6.4-12.8 12.8v230.4c0 6.4 6.4 12.8 12.8 12.8zm-192 0h22.4c6.4 0 12.8-6.4 12.8-12.8V140.8c0-6.4-6.4-12.8-12.8-12.8h-22.4c-6.4 0-12.8 6.4-12.8 12.8v198.4c0 6.4 6.4 12.8 12.8 12.8zm96 0h22.4c6.4 0 12.8-6.4 12.8-12.8V204.8c0-6.4-6.4-12.8-12.8-12.8h-22.4c-6.4 0-12.8 6.4-12.8 12.8v134.4c0 6.4 6.4 12.8 12.8 12.8zM496 400H48V80c0-8.84-7.16-16-16-16H16C7.16 64 0 71.16 0 80v336c0 17.67 14.33 32 32 32h464c8.84 0 16-7.16 16-16v-16c0-8.84-7.16-16-16-16zm-387.2-48h22.4c6.4 0 12.8-6.4 12.8-12.8v-70.4c0-6.4-6.4-12.8-12.8-12.8h-22.4c-6.4 0-12.8 6.4-12.8 12.8v70.4c0 6.4 6.4 12.8 12.8 12.8z\" class=\"\"><\/path><\/svg><\/i> <img loading=\"lazy\" decoding=\"async\" width=\"16\" height=\"16\" alt=\"Loading\" src=\"https:\/\/www.nmsneukirchen.at\/wordpress\/wp-content\/plugins\/page-views-count\/ajax-loader-2x.gif\" border=0 \/><\/p>\n<div class=\"pvc_clear\"><\/div>\n","protected":false},"author":1,"featured_media":0,"parent":37,"menu_order":3,"comment_status":"closed","ping_status":"closed","template":"","meta":{"footnotes":""},"class_list":["post-1980","page","type-page","status-publish","hentry"],"_links":{"self":[{"href":"https:\/\/www.nmsneukirchen.at\/wordpress\/wp-json\/wp\/v2\/pages\/1980","targetHints":{"allow":["GET"]}}],"collection":[{"href":"https:\/\/www.nmsneukirchen.at\/wordpress\/wp-json\/wp\/v2\/pages"}],"about":[{"href":"https:\/\/www.nmsneukirchen.at\/wordpress\/wp-json\/wp\/v2\/types\/page"}],"author":[{"embeddable":true,"href":"https:\/\/www.nmsneukirchen.at\/wordpress\/wp-json\/wp\/v2\/users\/1"}],"replies":[{"embeddable":true,"href":"https:\/\/www.nmsneukirchen.at\/wordpress\/wp-json\/wp\/v2\/comments?post=1980"}],"version-history":[{"count":1,"href":"https:\/\/www.nmsneukirchen.at\/wordpress\/wp-json\/wp\/v2\/pages\/1980\/revisions"}],"predecessor-version":[{"id":1983,"href":"https:\/\/www.nmsneukirchen.at\/wordpress\/wp-json\/wp\/v2\/pages\/1980\/revisions\/1983"}],"up":[{"embeddable":true,"href":"https:\/\/www.nmsneukirchen.at\/wordpress\/wp-json\/wp\/v2\/pages\/37"}],"wp:attachment":[{"href":"https:\/\/www.nmsneukirchen.at\/wordpress\/wp-json\/wp\/v2\/media?parent=1980"}],"curies":[{"name":"wp","href":"https:\/\/api.w.org\/{rel}","templated":true}]}}